{"id":98,"date":"2024-05-05T20:48:42","date_gmt":"2024-05-05T20:48:42","guid":{"rendered":"https:\/\/bilten.spk.rs\/spkbilten012024\/?page_id=98"},"modified":"2024-05-12T19:52:16","modified_gmt":"2024-05-12T19:52:16","slug":"uvodna-rec","status":"publish","type":"page","link":"https:\/\/bilten.spk.rs\/spkbilten012024\/uvodna-rec\/","title":{"rendered":"Uvodna re\u010d"},"content":{"rendered":"\t\t<div data-elementor-type=\"wp-page\" data-elementor-id=\"98\" class=\"elementor elementor-98\" data-elementor-post-type=\"page\">\n\t\t\t\t\t\t<section class=\"elementor-section elementor-top-section elementor-element elementor-element-8fb8ecc elementor-section-boxed elementor-section-height-default elementor-section-height-default\" data-id=\"8fb8ecc\" data-element_type=\"section\" data-settings=\"{&quot;background_background&quot;:&quot;classic&quot;}\">\n\t\t\t\t\t\t<div class=\"elementor-container elementor-column-gap-default\">\n\t\t\t\t\t<div class=\"elementor-column elementor-col-100 elementor-top-column elementor-element elementor-element-18acc3c\" data-id=\"18acc3c\" data-element_type=\"column\">\n\t\t\t<div class=\"elementor-widget-wrap elementor-element-populated\">\n\t\t\t\t\t\t<div class=\"elementor-element elementor-element-bd0bda5 elementor-widget elementor-widget-heading\" data-id=\"bd0bda5\" data-element_type=\"widget\" data-widget_type=\"heading.default\">\n\t\t\t\t<div class=\"elementor-widget-container\">\n\t\t\t<style>\/*! elementor - v3.21.0 - 30-04-2024 *\/\n.elementor-heading-title{padding:0;margin:0;line-height:1}.elementor-widget-heading .elementor-heading-title[class*=elementor-size-]>a{color:inherit;font-size:inherit;line-height:inherit}.elementor-widget-heading .elementor-heading-title.elementor-size-small{font-size:15px}.elementor-widget-heading .elementor-heading-title.elementor-size-medium{font-size:19px}.elementor-widget-heading .elementor-heading-title.elementor-size-large{font-size:29px}.elementor-widget-heading .elementor-heading-title.elementor-size-xl{font-size:39px}.elementor-widget-heading .elementor-heading-title.elementor-size-xxl{font-size:59px}<\/style><h2 class=\"elementor-heading-title elementor-size-default\">Uvodna re\u010d<\/h2>\t\t<\/div>\n\t\t\t\t<\/div>\n\t\t\t\t\t<\/div>\n\t\t<\/div>\n\t\t\t\t\t<\/div>\n\t\t<\/section>\n\t\t\t\t<section class=\"elementor-section elementor-top-section elementor-element elementor-element-1ca6726 elementor-section-boxed elementor-section-height-default elementor-section-height-default\" data-id=\"1ca6726\" data-element_type=\"section\">\n\t\t\t\t\t\t<div class=\"elementor-container elementor-column-gap-default\">\n\t\t\t\t\t<div class=\"elementor-column elementor-col-50 elementor-top-column elementor-element elementor-element-edaae4c\" data-id=\"edaae4c\" data-element_type=\"column\">\n\t\t\t<div class=\"elementor-widget-wrap elementor-element-populated\">\n\t\t\t\t\t\t<div class=\"elementor-element elementor-element-0f471bf elementor-widget elementor-widget-image\" data-id=\"0f471bf\" data-element_type=\"widget\" data-widget_type=\"image.default\">\n\t\t\t\t<div class=\"elementor-widget-container\">\n\t\t\t<style>\/*! elementor - v3.21.0 - 30-04-2024 *\/\n.elementor-widget-image{text-align:center}.elementor-widget-image a{display:inline-block}.elementor-widget-image a img[src$=\".svg\"]{width:48px}.elementor-widget-image img{vertical-align:middle;display:inline-block}<\/style>\t\t\t\t\t\t\t\t\t\t<img fetchpriority=\"high\" decoding=\"async\" width=\"683\" height=\"1024\" src=\"https:\/\/bilten.spk.rs\/spkbilten012024\/wp-content\/uploads\/2024\/05\/DF_2-683x1024.jpg\" class=\"attachment-large size-large wp-image-100\" alt=\"\" srcset=\"https:\/\/bilten.spk.rs\/spkbilten012024\/wp-content\/uploads\/2024\/05\/DF_2-683x1024.jpg 683w, https:\/\/bilten.spk.rs\/spkbilten012024\/wp-content\/uploads\/2024\/05\/DF_2-200x300.jpg 200w, https:\/\/bilten.spk.rs\/spkbilten012024\/wp-content\/uploads\/2024\/05\/DF_2-768x1152.jpg 768w, https:\/\/bilten.spk.rs\/spkbilten012024\/wp-content\/uploads\/2024\/05\/DF_2-1024x1536.jpg 1024w, https:\/\/bilten.spk.rs\/spkbilten012024\/wp-content\/uploads\/2024\/05\/DF_2.jpg 1080w\" sizes=\"(max-width: 683px) 100vw, 683px\" \/>\t\t\t\t\t\t\t\t\t\t\t\t\t<\/div>\n\t\t\t\t<\/div>\n\t\t\t\t<div class=\"elementor-element elementor-element-b486eca elementor-widget elementor-widget-heading\" data-id=\"b486eca\" data-element_type=\"widget\" data-widget_type=\"heading.default\">\n\t\t\t\t<div class=\"elementor-widget-container\">\n\t\t\t<h2 class=\"elementor-heading-title elementor-size-default\">Mag. Danijela Fi\u0161akov, predsednica SPK<\/h2>\t\t<\/div>\n\t\t\t\t<\/div>\n\t\t\t\t\t<\/div>\n\t\t<\/div>\n\t\t\t\t<div class=\"elementor-column elementor-col-50 elementor-top-column elementor-element elementor-element-0cff076\" data-id=\"0cff076\" data-element_type=\"column\">\n\t\t\t<div class=\"elementor-widget-wrap elementor-element-populated\">\n\t\t\t\t\t\t<div class=\"elementor-element elementor-element-15dfe75 elementor-widget elementor-widget-text-editor\" data-id=\"15dfe75\" data-element_type=\"widget\" data-widget_type=\"text-editor.default\">\n\t\t\t\t<div class=\"elementor-widget-container\">\n\t\t\t<style>\/*! elementor - v3.21.0 - 30-04-2024 *\/\n.elementor-widget-text-editor.elementor-drop-cap-view-stacked .elementor-drop-cap{background-color:#69727d;color:#fff}.elementor-widget-text-editor.elementor-drop-cap-view-framed .elementor-drop-cap{color:#69727d;border:3px solid;background-color:transparent}.elementor-widget-text-editor:not(.elementor-drop-cap-view-default) .elementor-drop-cap{margin-top:8px}.elementor-widget-text-editor:not(.elementor-drop-cap-view-default) .elementor-drop-cap-letter{width:1em;height:1em}.elementor-widget-text-editor .elementor-drop-cap{float:left;text-align:center;line-height:1;font-size:50px}.elementor-widget-text-editor .elementor-drop-cap-letter{display:inline-block}<\/style>\t\t\t\t<p>Dragi \u010dlanovi,<br \/><br \/>Prolaze kvartali i godine, a mi ne posustajemo. U aprilu smo u\u0161li u 22. godinu poslovanja sa mno\u0161tvom raznovrsnih aktivnosti i puno podr\u0161ke kompanijama.\u00a0<br \/><br \/>Kao \u0161to smo po\u010deli u ovoj godini, tako \u0107emo i nastaviti. Naredni period c\u0301e biti ispunjen brojnim doga\u0111ajima u okviru starih i proverenih formata, ali i dopunjenim novim formatima u skladu sa trendovima i potrebama. Nastavljamo praksu svakodnevnog neposrednog rada sa \u010dlanovima u formatu \u201ejedan na jedan\u201c jer je to jedan od na\u0161ih najprepoznatljivijih simbola i kvalitet koji nas izdvaja. To je prepoznalo i vi\u0161e od 20-oro novoprido\u0161lih \u010dlanova.<br \/><br \/>Me\u0111usobna saradnja svih nas doprine\u0107e, svakako, raznovrsnosti i u isto vreme prijatnoj i uspe\u0161noj realizaciji svih na\u0161ih zadatih planova.<br \/><br \/>Jo\u0161 jednom vas pozivam da i dalje ostanete \u0161to vi\u0161e aktivni jer c\u0301emo na taj na\u010din biti jo\u0161 uspe\u0161niji u onome \u0161to zajedni\u010dki radimo.<\/p>\t\t\t\t\t\t<\/div>\n\t\t\t\t<\/div>\n\t\t\t\t\t<\/div>\n\t\t<\/div>\n\t\t\t\t\t<\/div>\n\t\t<\/section>\n\t\t\t\t<\/div>\n\t\t","protected":false},"excerpt":{"rendered":"<p>Uvodna re\u010d Mag. Danijela Fi\u0161akov, predsednica SPK Dragi \u010dlanovi, Prolaze kvartali i godine, a mi ne posustajemo. U aprilu smo [&hellip;]<\/p>\n","protected":false},"author":1,"featured_media":431,"parent":0,"menu_order":0,"comment_status":"closed","ping_status":"closed","template":"","meta":{"site-sidebar-layout":"no-sidebar","site-content-layout":"","ast-site-content-layout":"full-width-container","site-content-style":"default","site-sidebar-style":"default","ast-global-header-display":"","ast-banner-title-visibility":"","ast-main-header-display":"","ast-hfb-above-header-display":"","ast-hfb-below-header-display":"","ast-hfb-mobile-header-display":"","site-post-title":"disabled","ast-breadcrumbs-content":"","ast-featured-img":"disabled","footer-sml-layout":"","theme-transparent-header-meta":"default","adv-header-id-meta":"","stick-header-meta":"","header-above-stick-meta":"","header-main-stick-meta":"","header-below-stick-meta":"","astra-migrate-meta-layouts":"set","ast-page-background-enabled":"default","ast-page-background-meta":{"desktop":{"background-color":"var(--ast-global-color-4)","background-image":"","background-repeat":"repeat","background-position":"center center","background-size":"auto","background-attachment":"scroll","background-type":"","background-media":"","overlay-type":"","overlay-color":"","overlay-gradient":""},"tablet":{"background-color":"","background-image":"","background-repeat":"repeat","background-position":"center center","background-size":"auto","background-attachment":"scroll","background-type":"","background-media":"","overlay-type":"","overlay-color":"","overlay-gradient":""},"mobile":{"background-color":"","background-image":"","background-repeat":"repeat","background-position":"center center","background-size":"auto","background-attachment":"scroll","background-type":"","background-media":"","overlay-type":"","overlay-color":"","overlay-gradient":""}},"ast-content-background-meta":{"desktop":{"background-color":"var(--ast-global-color-5)","background-image":"","background-repeat":"repeat","background-position":"center center","background-size":"auto","background-attachment":"scroll","background-type":"","background-media":"","overlay-type":"","overlay-color":"","overlay-gradient":""},"tablet":{"background-color":"var(--ast-global-color-5)","background-image":"","background-repeat":"repeat","background-position":"center center","background-size":"auto","background-attachment":"scroll","background-type":"","background-media":"","overlay-type":"","overlay-color":"","overlay-gradient":""},"mobile":{"background-color":"var(--ast-global-color-5)","background-image":"","background-repeat":"repeat","background-position":"center center","background-size":"auto","background-attachment":"scroll","background-type":"","background-media":"","overlay-type":"","overlay-color":"","overlay-gradient":""}},"footnotes":""},"class_list":["post-98","page","type-page","status-publish","has-post-thumbnail","hentry"],"yoast_head":"<!-- This site is optimized with the Yoast SEO plugin v22.6 - https:\/\/yoast.com\/wordpress\/plugins\/seo\/ -->\n<title>Uvodna re\u010d - Slovena\u010dki poslovni klub<\/title>\n<meta name=\"robots\" content=\"index, follow, max-snippet:-1, max-image-preview:large, max-video-preview:-1\" \/>\n<link rel=\"canonical\" href=\"https:\/\/bilten.spk.rs\/spkbilten012024\/uvodna-rec\/\" \/>\n<meta property=\"og:locale\" content=\"en_US\" \/>\n<meta property=\"og:type\" content=\"article\" \/>\n<meta property=\"og:title\" content=\"Uvodna re\u010d - Slovena\u010dki poslovni klub\" \/>\n<meta property=\"og:description\" content=\"Uvodna re\u010d Mag. Danijela Fi\u0161akov, predsednica SPK Dragi \u010dlanovi, Prolaze kvartali i godine, a mi ne posustajemo. U aprilu smo [&hellip;]\" \/>\n<meta property=\"og:url\" content=\"https:\/\/bilten.spk.rs\/spkbilten012024\/uvodna-rec\/\" \/>\n<meta property=\"og:site_name\" content=\"Slovena\u010dki poslovni klub\" \/>\n<meta property=\"article:modified_time\" content=\"2024-05-12T19:52:16+00:00\" \/>\n<meta property=\"og:image\" content=\"https:\/\/bilten.spk.rs\/spkbilten012024\/wp-content\/uploads\/2024\/05\/kolaz2.png\" \/>\n\t<meta property=\"og:image:width\" content=\"1080\" \/>\n\t<meta property=\"og:image:height\" content=\"1080\" \/>\n\t<meta property=\"og:image:type\" content=\"image\/png\" \/>\n<meta name=\"twitter:card\" content=\"summary_large_image\" \/>\n<meta name=\"twitter:label1\" content=\"Est. reading time\" \/>\n\t<meta name=\"twitter:data1\" content=\"1 minute\" \/>\n<script type=\"application\/ld+json\" class=\"yoast-schema-graph\">{\"@context\":\"https:\/\/schema.org\",\"@graph\":[{\"@type\":\"WebPage\",\"@id\":\"https:\/\/bilten.spk.rs\/spkbilten012024\/uvodna-rec\/\",\"url\":\"https:\/\/bilten.spk.rs\/spkbilten012024\/uvodna-rec\/\",\"name\":\"Uvodna re\u010d - Slovena\u010dki poslovni klub\",\"isPartOf\":{\"@id\":\"https:\/\/bilten.spk.rs\/spkbilten012024\/#website\"},\"primaryImageOfPage\":{\"@id\":\"https:\/\/bilten.spk.rs\/spkbilten012024\/uvodna-rec\/#primaryimage\"},\"image\":{\"@id\":\"https:\/\/bilten.spk.rs\/spkbilten012024\/uvodna-rec\/#primaryimage\"},\"thumbnailUrl\":\"https:\/\/bilten.spk.rs\/spkbilten012024\/wp-content\/uploads\/2024\/05\/kolaz2.png\",\"datePublished\":\"2024-05-05T20:48:42+00:00\",\"dateModified\":\"2024-05-12T19:52:16+00:00\",\"breadcrumb\":{\"@id\":\"https:\/\/bilten.spk.rs\/spkbilten012024\/uvodna-rec\/#breadcrumb\"},\"inLanguage\":\"en-US\",\"potentialAction\":[{\"@type\":\"ReadAction\",\"target\":[\"https:\/\/bilten.spk.rs\/spkbilten012024\/uvodna-rec\/\"]}]},{\"@type\":\"ImageObject\",\"inLanguage\":\"en-US\",\"@id\":\"https:\/\/bilten.spk.rs\/spkbilten012024\/uvodna-rec\/#primaryimage\",\"url\":\"https:\/\/bilten.spk.rs\/spkbilten012024\/wp-content\/uploads\/2024\/05\/kolaz2.png\",\"contentUrl\":\"https:\/\/bilten.spk.rs\/spkbilten012024\/wp-content\/uploads\/2024\/05\/kolaz2.png\",\"width\":1080,\"height\":1080},{\"@type\":\"BreadcrumbList\",\"@id\":\"https:\/\/bilten.spk.rs\/spkbilten012024\/uvodna-rec\/#breadcrumb\",\"itemListElement\":[{\"@type\":\"ListItem\",\"position\":1,\"name\":\"Home\",\"item\":\"https:\/\/bilten.spk.rs\/spkbilten012024\/\"},{\"@type\":\"ListItem\",\"position\":2,\"name\":\"Uvodna re\u010d\"}]},{\"@type\":\"WebSite\",\"@id\":\"https:\/\/bilten.spk.rs\/spkbilten012024\/#website\",\"url\":\"https:\/\/bilten.spk.rs\/spkbilten012024\/\",\"name\":\"Slovena\u010dki poslovni klub\",\"description\":\"Bilten 2024\",\"publisher\":{\"@id\":\"https:\/\/bilten.spk.rs\/spkbilten012024\/#organization\"},\"potentialAction\":[{\"@type\":\"SearchAction\",\"target\":{\"@type\":\"EntryPoint\",\"urlTemplate\":\"https:\/\/bilten.spk.rs\/spkbilten012024\/?s={search_term_string}\"},\"query-input\":\"required name=search_term_string\"}],\"inLanguage\":\"en-US\"},{\"@type\":\"Organization\",\"@id\":\"https:\/\/bilten.spk.rs\/spkbilten012024\/#organization\",\"name\":\"Slovena\u010dki poslovni klub\",\"url\":\"https:\/\/bilten.spk.rs\/spkbilten012024\/\",\"logo\":{\"@type\":\"ImageObject\",\"inLanguage\":\"en-US\",\"@id\":\"https:\/\/bilten.spk.rs\/spkbilten012024\/#\/schema\/logo\/image\/\",\"url\":\"https:\/\/bilten.spk.rs\/spkbilten012024\/wp-content\/uploads\/2024\/05\/logo-1.png\",\"contentUrl\":\"https:\/\/bilten.spk.rs\/spkbilten012024\/wp-content\/uploads\/2024\/05\/logo-1.png\",\"width\":156,\"height\":40,\"caption\":\"Slovena\u010dki poslovni klub\"},\"image\":{\"@id\":\"https:\/\/bilten.spk.rs\/spkbilten012024\/#\/schema\/logo\/image\/\"}}]}<\/script>\n<!-- \/ Yoast SEO plugin. -->","yoast_head_json":{"title":"Uvodna re\u010d - Slovena\u010dki poslovni klub","robots":{"index":"index","follow":"follow","max-snippet":"max-snippet:-1","max-image-preview":"max-image-preview:large","max-video-preview":"max-video-preview:-1"},"canonical":"https:\/\/bilten.spk.rs\/spkbilten012024\/uvodna-rec\/","og_locale":"en_US","og_type":"article","og_title":"Uvodna re\u010d - Slovena\u010dki poslovni klub","og_description":"Uvodna re\u010d Mag. Danijela Fi\u0161akov, predsednica SPK Dragi \u010dlanovi, Prolaze kvartali i godine, a mi ne posustajemo. U aprilu smo [&hellip;]","og_url":"https:\/\/bilten.spk.rs\/spkbilten012024\/uvodna-rec\/","og_site_name":"Slovena\u010dki poslovni klub","article_modified_time":"2024-05-12T19:52:16+00:00","og_image":[{"width":1080,"height":1080,"url":"https:\/\/bilten.spk.rs\/spkbilten012024\/wp-content\/uploads\/2024\/05\/kolaz2.png","type":"image\/png"}],"twitter_card":"summary_large_image","twitter_misc":{"Est. reading time":"1 minute"},"schema":{"@context":"https:\/\/schema.org","@graph":[{"@type":"WebPage","@id":"https:\/\/bilten.spk.rs\/spkbilten012024\/uvodna-rec\/","url":"https:\/\/bilten.spk.rs\/spkbilten012024\/uvodna-rec\/","name":"Uvodna re\u010d - Slovena\u010dki poslovni klub","isPartOf":{"@id":"https:\/\/bilten.spk.rs\/spkbilten012024\/#website"},"primaryImageOfPage":{"@id":"https:\/\/bilten.spk.rs\/spkbilten012024\/uvodna-rec\/#primaryimage"},"image":{"@id":"https:\/\/bilten.spk.rs\/spkbilten012024\/uvodna-rec\/#primaryimage"},"thumbnailUrl":"https:\/\/bilten.spk.rs\/spkbilten012024\/wp-content\/uploads\/2024\/05\/kolaz2.png","datePublished":"2024-05-05T20:48:42+00:00","dateModified":"2024-05-12T19:52:16+00:00","breadcrumb":{"@id":"https:\/\/bilten.spk.rs\/spkbilten012024\/uvodna-rec\/#breadcrumb"},"inLanguage":"en-US","potentialAction":[{"@type":"ReadAction","target":["https:\/\/bilten.spk.rs\/spkbilten012024\/uvodna-rec\/"]}]},{"@type":"ImageObject","inLanguage":"en-US","@id":"https:\/\/bilten.spk.rs\/spkbilten012024\/uvodna-rec\/#primaryimage","url":"https:\/\/bilten.spk.rs\/spkbilten012024\/wp-content\/uploads\/2024\/05\/kolaz2.png","contentUrl":"https:\/\/bilten.spk.rs\/spkbilten012024\/wp-content\/uploads\/2024\/05\/kolaz2.png","width":1080,"height":1080},{"@type":"BreadcrumbList","@id":"https:\/\/bilten.spk.rs\/spkbilten012024\/uvodna-rec\/#breadcrumb","itemListElement":[{"@type":"ListItem","position":1,"name":"Home","item":"https:\/\/bilten.spk.rs\/spkbilten012024\/"},{"@type":"ListItem","position":2,"name":"Uvodna re\u010d"}]},{"@type":"WebSite","@id":"https:\/\/bilten.spk.rs\/spkbilten012024\/#website","url":"https:\/\/bilten.spk.rs\/spkbilten012024\/","name":"Slovena\u010dki poslovni klub","description":"Bilten 2024","publisher":{"@id":"https:\/\/bilten.spk.rs\/spkbilten012024\/#organization"},"potentialAction":[{"@type":"SearchAction","target":{"@type":"EntryPoint","urlTemplate":"https:\/\/bilten.spk.rs\/spkbilten012024\/?s={search_term_string}"},"query-input":"required name=search_term_string"}],"inLanguage":"en-US"},{"@type":"Organization","@id":"https:\/\/bilten.spk.rs\/spkbilten012024\/#organization","name":"Slovena\u010dki poslovni klub","url":"https:\/\/bilten.spk.rs\/spkbilten012024\/","logo":{"@type":"ImageObject","inLanguage":"en-US","@id":"https:\/\/bilten.spk.rs\/spkbilten012024\/#\/schema\/logo\/image\/","url":"https:\/\/bilten.spk.rs\/spkbilten012024\/wp-content\/uploads\/2024\/05\/logo-1.png","contentUrl":"https:\/\/bilten.spk.rs\/spkbilten012024\/wp-content\/uploads\/2024\/05\/logo-1.png","width":156,"height":40,"caption":"Slovena\u010dki poslovni klub"},"image":{"@id":"https:\/\/bilten.spk.rs\/spkbilten012024\/#\/schema\/logo\/image\/"}}]}},"_links":{"self":[{"href":"https:\/\/bilten.spk.rs\/spkbilten012024\/wp-json\/wp\/v2\/pages\/98","targetHints":{"allow":["GET"]}}],"collection":[{"href":"https:\/\/bilten.spk.rs\/spkbilten012024\/wp-json\/wp\/v2\/pages"}],"about":[{"href":"https:\/\/bilten.spk.rs\/spkbilten012024\/wp-json\/wp\/v2\/types\/page"}],"author":[{"embeddable":true,"href":"https:\/\/bilten.spk.rs\/spkbilten012024\/wp-json\/wp\/v2\/users\/1"}],"replies":[{"embeddable":true,"href":"https:\/\/bilten.spk.rs\/spkbilten012024\/wp-json\/wp\/v2\/comments?post=98"}],"version-history":[{"count":12,"href":"https:\/\/bilten.spk.rs\/spkbilten012024\/wp-json\/wp\/v2\/pages\/98\/revisions"}],"predecessor-version":[{"id":738,"href":"https:\/\/bilten.spk.rs\/spkbilten012024\/wp-json\/wp\/v2\/pages\/98\/revisions\/738"}],"wp:featuredmedia":[{"embeddable":true,"href":"https:\/\/bilten.spk.rs\/spkbilten012024\/wp-json\/wp\/v2\/media\/431"}],"wp:attachment":[{"href":"https:\/\/bilten.spk.rs\/spkbilten012024\/wp-json\/wp\/v2\/media?parent=98"}],"curies":[{"name":"wp","href":"https:\/\/api.w.org\/{rel}","templated":true}]}}