{"id":125,"date":"2026-05-04T17:55:43","date_gmt":"2026-05-04T15:55:43","guid":{"rendered":"https:\/\/bilten.spk.rs\/spkbilten012026\/?page_id=125"},"modified":"2026-05-07T10:18:09","modified_gmt":"2026-05-07T08:18:09","slug":"spk-skupstina","status":"publish","type":"page","link":"https:\/\/bilten.spk.rs\/spkbilten012026\/aktivnosti\/spk-skupstina\/","title":{"rendered":"SPK SKUP\u0160TINA"},"content":{"rendered":"\t\t<div data-elementor-type=\"wp-page\" data-elementor-id=\"125\" class=\"elementor elementor-125\" data-elementor-post-type=\"page\">\n\t\t\t\t\t\t<section class=\"elementor-section elementor-top-section elementor-element elementor-element-21dfa1a elementor-section-boxed elementor-section-height-default elementor-section-height-default\" data-id=\"21dfa1a\" data-element_type=\"section\" data-e-type=\"section\" data-settings=\"{&quot;background_background&quot;:&quot;classic&quot;}\">\n\t\t\t\t\t\t<div class=\"elementor-container elementor-column-gap-default\">\n\t\t\t\t\t<div class=\"elementor-column elementor-col-100 elementor-top-column elementor-element elementor-element-e564cbc\" data-id=\"e564cbc\" data-element_type=\"column\" data-e-type=\"column\">\n\t\t\t<div class=\"elementor-widget-wrap elementor-element-populated\">\n\t\t\t\t\t\t<div class=\"elementor-element elementor-element-29b67d4 elementor-widget elementor-widget-heading\" data-id=\"29b67d4\" data-element_type=\"widget\" data-e-type=\"widget\" data-widget_type=\"heading.default\">\n\t\t\t\t\t<h2 class=\"elementor-heading-title elementor-size-default\">SPK SKUP\u0160TINA<\/h2>\t\t\t\t<\/div>\n\t\t\t\t\t<\/div>\n\t\t<\/div>\n\t\t\t\t\t<\/div>\n\t\t<\/section>\n\t\t\t\t<section class=\"elementor-section elementor-top-section elementor-element elementor-element-32cd401 elementor-section-boxed elementor-section-height-default elementor-section-height-default\" data-id=\"32cd401\" data-element_type=\"section\" data-e-type=\"section\">\n\t\t\t\t\t\t<div class=\"elementor-container elementor-column-gap-default\">\n\t\t\t\t\t<div class=\"elementor-column elementor-col-100 elementor-top-column elementor-element elementor-element-8eead16\" data-id=\"8eead16\" data-element_type=\"column\" data-e-type=\"column\">\n\t\t\t<div class=\"elementor-widget-wrap elementor-element-populated\">\n\t\t\t\t\t\t<div class=\"elementor-element elementor-element-f2f72c4 elementor-widget elementor-widget-image\" data-id=\"f2f72c4\" data-element_type=\"widget\" data-e-type=\"widget\" data-widget_type=\"image.default\">\n\t\t\t\t\t\t\t\t\t\t\t\t\t\t\t<img fetchpriority=\"high\" decoding=\"async\" width=\"1024\" height=\"681\" src=\"https:\/\/bilten.spk.rs\/spkbilten012026\/wp-content\/uploads\/2026\/05\/red-skupst-spk-3-glavna.webp\" class=\"attachment-full size-full wp-image-126\" alt=\"\" srcset=\"https:\/\/bilten.spk.rs\/spkbilten012026\/wp-content\/uploads\/2026\/05\/red-skupst-spk-3-glavna.webp 1024w, https:\/\/bilten.spk.rs\/spkbilten012026\/wp-content\/uploads\/2026\/05\/red-skupst-spk-3-glavna-300x200.webp 300w, https:\/\/bilten.spk.rs\/spkbilten012026\/wp-content\/uploads\/2026\/05\/red-skupst-spk-3-glavna-768x511.webp 768w\" sizes=\"(max-width: 1024px) 100vw, 1024px\" \/>\t\t\t\t\t\t\t\t\t\t\t\t\t\t\t<\/div>\n\t\t\t\t<div class=\"elementor-element elementor-element-2527d02 elementor-widget elementor-widget-text-editor\" data-id=\"2527d02\" data-element_type=\"widget\" data-e-type=\"widget\" data-widget_type=\"text-editor.default\">\n\t\t\t\t\t\t\t\t\t<p>Dana 31. marta, u IN Hotelu odr\u017eana je redovna, ujedno i izborna sednica Skup\u0161tine Slovena\u010dkog poslovnog kluba.<\/p><p>Na po\u010detku se prisutnima obratio ambasador Republike Slovenije u Srbiji, Nj. E. dr Slobodan \u0160e\u0161um, koji je pozdravio u\u010desnike i istakao zna\u010daj daljeg ja\u010danja saradnje izme\u0111u Ambasade i Slovena\u010dkog poslovnog kluba.<\/p><p>Za predsednika Skup\u0161tine izabran je dr Janez Von\u010dina, partner advokat iz advokatske kancelarije JPM &amp; Partners.<\/p><p>Predsednica SPK, mr Danijela Fi\u0161akov, podnela je godi\u0161nji izve\u0161taj o radu i finansijski izve\u0161taj za 2025. godinu, koji su usvojeni ve\u0107inom glasova.<\/p><p>U okviru izbornog dela, mr Danijela Fi\u0161akov ponovo je izabrana za predsednicu Slovena\u010dkog poslovnog kluba na mandat od \u010detiri godine. Za \u010dlanove Upravnog odbora izabrani su: dr Dragan Markovi\u0107, Miodrag Stojkovi\u0107, Ninko Te\u0161i\u0107, mr Vlastimir Vukovi\u0107, mag. Zoran Lazuki\u0107 i Zoran Radojevi\u0107.<\/p><p>U svom obra\u0107anju, predsednica SPK je istakla da je prethodni mandatni period bio dinami\u010dan i izazovan, ali da su o\u010duvani stabilnost, kontinuitet i rast Kluba, kako u broju \u010dlanova, tako i u kvalitetu saradnje i vidljivosti.<\/p><p>Naglasila je da \u0107e fokus u narednom periodu biti na ja\u010danju poslovnih inicijativa me\u0111u \u010dlanovima, unapre\u0111enju aktivnosti sa konkretnim poslovnim efektima, kao i daljem razvoju me\u0111unarodne saradnje i pozicioniranju Kluba u regionalnom i evropskom poslovnom okru\u017eenju.<\/p>\t\t\t\t\t\t\t\t<\/div>\n\t\t\t\t<div class=\"elementor-element elementor-element-42c0b1a elementor-widget elementor-widget-gallery\" data-id=\"42c0b1a\" data-element_type=\"widget\" data-e-type=\"widget\" data-settings=\"{&quot;aspect_ratio&quot;:&quot;4:3&quot;,&quot;lazyload&quot;:&quot;yes&quot;,&quot;gallery_layout&quot;:&quot;grid&quot;,&quot;columns&quot;:4,&quot;columns_tablet&quot;:2,&quot;columns_mobile&quot;:1,&quot;gap&quot;:{&quot;unit&quot;:&quot;px&quot;,&quot;size&quot;:10,&quot;sizes&quot;:[]},&quot;gap_tablet&quot;:{&quot;unit&quot;:&quot;px&quot;,&quot;size&quot;:10,&quot;sizes&quot;:[]},&quot;gap_mobile&quot;:{&quot;unit&quot;:&quot;px&quot;,&quot;size&quot;:10,&quot;sizes&quot;:[]},&quot;link_to&quot;:&quot;file&quot;,&quot;overlay_background&quot;:&quot;yes&quot;,&quot;content_hover_animation&quot;:&quot;fade-in&quot;}\" data-widget_type=\"gallery.default\">\n\t\t\t\t\t\t\t<div class=\"elementor-gallery__container\">\n\t\t\t\t\t\t\t<a class=\"e-gallery-item elementor-gallery-item elementor-animated-content\" href=\"https:\/\/bilten.spk.rs\/spkbilten012026\/wp-content\/uploads\/2026\/05\/1-1-scaled.jpg\" data-elementor-open-lightbox=\"yes\" data-elementor-lightbox-slideshow=\"42c0b1a\" data-elementor-lightbox-title=\"1\" data-e-action-hash=\"#elementor-action%3Aaction%3Dlightbox%26settings%3DeyJpZCI6OTEyLCJ1cmwiOiJodHRwczpcL1wvYmlsdGVuLnNway5yc1wvc3BrYmlsdGVuMDEyMDI2XC93cC1jb250ZW50XC91cGxvYWRzXC8yMDI2XC8wNVwvMS0xLXNjYWxlZC5qcGciLCJzbGlkZXNob3ciOiI0MmMwYjFhIn0%3D\">\n\t\t\t\t\t<div class=\"e-gallery-image elementor-gallery-item__image\" data-thumbnail=\"https:\/\/bilten.spk.rs\/spkbilten012026\/wp-content\/uploads\/2026\/05\/1-1-768x511.jpg\" data-width=\"768\" data-height=\"511\" aria-label=\"\" role=\"img\" ><\/div>\n\t\t\t\t\t\t\t\t\t\t\t<div class=\"elementor-gallery-item__overlay\"><\/div>\n\t\t\t\t\t\t\t\t\t\t\t\t\t\t<\/a>\n\t\t\t\t\t\t\t<a class=\"e-gallery-item elementor-gallery-item elementor-animated-content\" href=\"https:\/\/bilten.spk.rs\/spkbilten012026\/wp-content\/uploads\/2026\/05\/2-1-scaled.webp\" data-elementor-open-lightbox=\"yes\" data-elementor-lightbox-slideshow=\"42c0b1a\" data-elementor-lightbox-title=\"2\" data-e-action-hash=\"#elementor-action%3Aaction%3Dlightbox%26settings%3DeyJpZCI6OTEzLCJ1cmwiOiJodHRwczpcL1wvYmlsdGVuLnNway5yc1wvc3BrYmlsdGVuMDEyMDI2XC93cC1jb250ZW50XC91cGxvYWRzXC8yMDI2XC8wNVwvMi0xLXNjYWxlZC53ZWJwIiwic2xpZGVzaG93IjoiNDJjMGIxYSJ9\">\n\t\t\t\t\t<div class=\"e-gallery-image elementor-gallery-item__image\" data-thumbnail=\"https:\/\/bilten.spk.rs\/spkbilten012026\/wp-content\/uploads\/2026\/05\/2-1-768x511.jpg\" data-width=\"768\" data-height=\"511\" aria-label=\"\" role=\"img\" ><\/div>\n\t\t\t\t\t\t\t\t\t\t\t<div class=\"elementor-gallery-item__overlay\"><\/div>\n\t\t\t\t\t\t\t\t\t\t\t\t\t\t<\/a>\n\t\t\t\t\t\t\t<a class=\"e-gallery-item elementor-gallery-item elementor-animated-content\" href=\"https:\/\/bilten.spk.rs\/spkbilten012026\/wp-content\/uploads\/2026\/05\/3-1-scaled.webp\" data-elementor-open-lightbox=\"yes\" data-elementor-lightbox-slideshow=\"42c0b1a\" data-elementor-lightbox-title=\"3\" data-e-action-hash=\"#elementor-action%3Aaction%3Dlightbox%26settings%3DeyJpZCI6OTE0LCJ1cmwiOiJodHRwczpcL1wvYmlsdGVuLnNway5yc1wvc3BrYmlsdGVuMDEyMDI2XC93cC1jb250ZW50XC91cGxvYWRzXC8yMDI2XC8wNVwvMy0xLXNjYWxlZC53ZWJwIiwic2xpZGVzaG93IjoiNDJjMGIxYSJ9\">\n\t\t\t\t\t<div class=\"e-gallery-image elementor-gallery-item__image\" data-thumbnail=\"https:\/\/bilten.spk.rs\/spkbilten012026\/wp-content\/uploads\/2026\/05\/3-1-768x511.jpg\" data-width=\"768\" data-height=\"511\" aria-label=\"\" role=\"img\" ><\/div>\n\t\t\t\t\t\t\t\t\t\t\t<div class=\"elementor-gallery-item__overlay\"><\/div>\n\t\t\t\t\t\t\t\t\t\t\t\t\t\t<\/a>\n\t\t\t\t\t\t\t<a class=\"e-gallery-item elementor-gallery-item elementor-animated-content\" href=\"https:\/\/bilten.spk.rs\/spkbilten012026\/wp-content\/uploads\/2026\/05\/4-scaled.jpg\" data-elementor-open-lightbox=\"yes\" data-elementor-lightbox-slideshow=\"42c0b1a\" data-elementor-lightbox-title=\"4\" data-e-action-hash=\"#elementor-action%3Aaction%3Dlightbox%26settings%3DeyJpZCI6OTE1LCJ1cmwiOiJodHRwczpcL1wvYmlsdGVuLnNway5yc1wvc3BrYmlsdGVuMDEyMDI2XC93cC1jb250ZW50XC91cGxvYWRzXC8yMDI2XC8wNVwvNC1zY2FsZWQuanBnIiwic2xpZGVzaG93IjoiNDJjMGIxYSJ9\">\n\t\t\t\t\t<div class=\"e-gallery-image elementor-gallery-item__image\" data-thumbnail=\"https:\/\/bilten.spk.rs\/spkbilten012026\/wp-content\/uploads\/2026\/05\/4-768x511.jpg\" data-width=\"768\" data-height=\"511\" aria-label=\"\" role=\"img\" ><\/div>\n\t\t\t\t\t\t\t\t\t\t\t<div class=\"elementor-gallery-item__overlay\"><\/div>\n\t\t\t\t\t\t\t\t\t\t\t\t\t\t<\/a>\n\t\t\t\t\t\t\t<a class=\"e-gallery-item elementor-gallery-item elementor-animated-content\" href=\"https:\/\/bilten.spk.rs\/spkbilten012026\/wp-content\/uploads\/2026\/05\/5-scaled.webp\" data-elementor-open-lightbox=\"yes\" data-elementor-lightbox-slideshow=\"42c0b1a\" data-elementor-lightbox-title=\"5\" data-e-action-hash=\"#elementor-action%3Aaction%3Dlightbox%26settings%3DeyJpZCI6OTE2LCJ1cmwiOiJodHRwczpcL1wvYmlsdGVuLnNway5yc1wvc3BrYmlsdGVuMDEyMDI2XC93cC1jb250ZW50XC91cGxvYWRzXC8yMDI2XC8wNVwvNS1zY2FsZWQud2VicCIsInNsaWRlc2hvdyI6IjQyYzBiMWEifQ%3D%3D\">\n\t\t\t\t\t<div class=\"e-gallery-image elementor-gallery-item__image\" data-thumbnail=\"https:\/\/bilten.spk.rs\/spkbilten012026\/wp-content\/uploads\/2026\/05\/5-768x511.jpeg\" data-width=\"768\" data-height=\"511\" aria-label=\"\" role=\"img\" ><\/div>\n\t\t\t\t\t\t\t\t\t\t\t<div class=\"elementor-gallery-item__overlay\"><\/div>\n\t\t\t\t\t\t\t\t\t\t\t\t\t\t<\/a>\n\t\t\t\t\t\t\t<a class=\"e-gallery-item elementor-gallery-item elementor-animated-content\" href=\"https:\/\/bilten.spk.rs\/spkbilten012026\/wp-content\/uploads\/2026\/05\/6-scaled.webp\" data-elementor-open-lightbox=\"yes\" data-elementor-lightbox-slideshow=\"42c0b1a\" data-elementor-lightbox-title=\"6\" data-e-action-hash=\"#elementor-action%3Aaction%3Dlightbox%26settings%3DeyJpZCI6OTE3LCJ1cmwiOiJodHRwczpcL1wvYmlsdGVuLnNway5yc1wvc3BrYmlsdGVuMDEyMDI2XC93cC1jb250ZW50XC91cGxvYWRzXC8yMDI2XC8wNVwvNi1zY2FsZWQud2VicCIsInNsaWRlc2hvdyI6IjQyYzBiMWEifQ%3D%3D\">\n\t\t\t\t\t<div class=\"e-gallery-image elementor-gallery-item__image\" data-thumbnail=\"https:\/\/bilten.spk.rs\/spkbilten012026\/wp-content\/uploads\/2026\/05\/6-768x511.jpg\" data-width=\"768\" data-height=\"511\" aria-label=\"\" role=\"img\" ><\/div>\n\t\t\t\t\t\t\t\t\t\t\t<div class=\"elementor-gallery-item__overlay\"><\/div>\n\t\t\t\t\t\t\t\t\t\t\t\t\t\t<\/a>\n\t\t\t\t\t\t\t<a class=\"e-gallery-item elementor-gallery-item elementor-animated-content\" href=\"https:\/\/bilten.spk.rs\/spkbilten012026\/wp-content\/uploads\/2026\/05\/7-scaled.webp\" data-elementor-open-lightbox=\"yes\" data-elementor-lightbox-slideshow=\"42c0b1a\" data-elementor-lightbox-title=\"7\" data-e-action-hash=\"#elementor-action%3Aaction%3Dlightbox%26settings%3DeyJpZCI6OTE4LCJ1cmwiOiJodHRwczpcL1wvYmlsdGVuLnNway5yc1wvc3BrYmlsdGVuMDEyMDI2XC93cC1jb250ZW50XC91cGxvYWRzXC8yMDI2XC8wNVwvNy1zY2FsZWQud2VicCIsInNsaWRlc2hvdyI6IjQyYzBiMWEifQ%3D%3D\">\n\t\t\t\t\t<div class=\"e-gallery-image elementor-gallery-item__image\" data-thumbnail=\"https:\/\/bilten.spk.rs\/spkbilten012026\/wp-content\/uploads\/2026\/05\/7-768x511.jpg\" data-width=\"768\" data-height=\"511\" aria-label=\"\" role=\"img\" ><\/div>\n\t\t\t\t\t\t\t\t\t\t\t<div class=\"elementor-gallery-item__overlay\"><\/div>\n\t\t\t\t\t\t\t\t\t\t\t\t\t\t<\/a>\n\t\t\t\t\t\t\t<a class=\"e-gallery-item elementor-gallery-item elementor-animated-content\" href=\"https:\/\/bilten.spk.rs\/spkbilten012026\/wp-content\/uploads\/2026\/05\/9-2-scaled.jpeg\" data-elementor-open-lightbox=\"yes\" data-elementor-lightbox-slideshow=\"42c0b1a\" data-elementor-lightbox-title=\"9-2\" data-e-action-hash=\"#elementor-action%3Aaction%3Dlightbox%26settings%3DeyJpZCI6OTE5LCJ1cmwiOiJodHRwczpcL1wvYmlsdGVuLnNway5yc1wvc3BrYmlsdGVuMDEyMDI2XC93cC1jb250ZW50XC91cGxvYWRzXC8yMDI2XC8wNVwvOS0yLXNjYWxlZC5qcGVnIiwic2xpZGVzaG93IjoiNDJjMGIxYSJ9\">\n\t\t\t\t\t<div class=\"e-gallery-image elementor-gallery-item__image\" data-thumbnail=\"https:\/\/bilten.spk.rs\/spkbilten012026\/wp-content\/uploads\/2026\/05\/9-2-768x511.jpeg\" data-width=\"768\" data-height=\"511\" aria-label=\"\" role=\"img\" ><\/div>\n\t\t\t\t\t\t\t\t\t\t\t<div class=\"elementor-gallery-item__overlay\"><\/div>\n\t\t\t\t\t\t\t\t\t\t\t\t\t\t<\/a>\n\t\t\t\t\t\t\t<a class=\"e-gallery-item elementor-gallery-item elementor-animated-content\" href=\"https:\/\/bilten.spk.rs\/spkbilten012026\/wp-content\/uploads\/2026\/05\/8-scaled.jpg\" data-elementor-open-lightbox=\"yes\" data-elementor-lightbox-slideshow=\"42c0b1a\" data-elementor-lightbox-title=\"8\" data-e-action-hash=\"#elementor-action%3Aaction%3Dlightbox%26settings%3DeyJpZCI6OTIwLCJ1cmwiOiJodHRwczpcL1wvYmlsdGVuLnNway5yc1wvc3BrYmlsdGVuMDEyMDI2XC93cC1jb250ZW50XC91cGxvYWRzXC8yMDI2XC8wNVwvOC1zY2FsZWQuanBnIiwic2xpZGVzaG93IjoiNDJjMGIxYSJ9\">\n\t\t\t\t\t<div class=\"e-gallery-image elementor-gallery-item__image\" data-thumbnail=\"https:\/\/bilten.spk.rs\/spkbilten012026\/wp-content\/uploads\/2026\/05\/8-768x511.jpg\" data-width=\"768\" data-height=\"511\" aria-label=\"\" role=\"img\" ><\/div>\n\t\t\t\t\t\t\t\t\t\t\t<div class=\"elementor-gallery-item__overlay\"><\/div>\n\t\t\t\t\t\t\t\t\t\t\t\t\t\t<\/a>\n\t\t\t\t\t\t\t<a class=\"e-gallery-item elementor-gallery-item elementor-animated-content\" href=\"https:\/\/bilten.spk.rs\/spkbilten012026\/wp-content\/uploads\/2026\/05\/9-scaled.webp\" data-elementor-open-lightbox=\"yes\" data-elementor-lightbox-slideshow=\"42c0b1a\" data-elementor-lightbox-title=\"9\" data-e-action-hash=\"#elementor-action%3Aaction%3Dlightbox%26settings%3DeyJpZCI6OTIxLCJ1cmwiOiJodHRwczpcL1wvYmlsdGVuLnNway5yc1wvc3BrYmlsdGVuMDEyMDI2XC93cC1jb250ZW50XC91cGxvYWRzXC8yMDI2XC8wNVwvOS1zY2FsZWQud2VicCIsInNsaWRlc2hvdyI6IjQyYzBiMWEifQ%3D%3D\">\n\t\t\t\t\t<div class=\"e-gallery-image elementor-gallery-item__image\" data-thumbnail=\"https:\/\/bilten.spk.rs\/spkbilten012026\/wp-content\/uploads\/2026\/05\/9-768x511.jpeg\" data-width=\"768\" data-height=\"511\" aria-label=\"\" role=\"img\" ><\/div>\n\t\t\t\t\t\t\t\t\t\t\t<div class=\"elementor-gallery-item__overlay\"><\/div>\n\t\t\t\t\t\t\t\t\t\t\t\t\t\t<\/a>\n\t\t\t\t\t\t\t<a class=\"e-gallery-item elementor-gallery-item elementor-animated-content\" href=\"https:\/\/bilten.spk.rs\/spkbilten012026\/wp-content\/uploads\/2026\/05\/10-scaled.webp\" data-elementor-open-lightbox=\"yes\" data-elementor-lightbox-slideshow=\"42c0b1a\" data-elementor-lightbox-title=\"10\" data-e-action-hash=\"#elementor-action%3Aaction%3Dlightbox%26settings%3DeyJpZCI6OTIyLCJ1cmwiOiJodHRwczpcL1wvYmlsdGVuLnNway5yc1wvc3BrYmlsdGVuMDEyMDI2XC93cC1jb250ZW50XC91cGxvYWRzXC8yMDI2XC8wNVwvMTAtc2NhbGVkLndlYnAiLCJzbGlkZXNob3ciOiI0MmMwYjFhIn0%3D\">\n\t\t\t\t\t<div class=\"e-gallery-image elementor-gallery-item__image\" data-thumbnail=\"https:\/\/bilten.spk.rs\/spkbilten012026\/wp-content\/uploads\/2026\/05\/10-768x511.jpeg\" data-width=\"768\" data-height=\"511\" aria-label=\"\" role=\"img\" ><\/div>\n\t\t\t\t\t\t\t\t\t\t\t<div class=\"elementor-gallery-item__overlay\"><\/div>\n\t\t\t\t\t\t\t\t\t\t\t\t\t\t<\/a>\n\t\t\t\t\t\t\t<a class=\"e-gallery-item elementor-gallery-item elementor-animated-content\" href=\"https:\/\/bilten.spk.rs\/spkbilten012026\/wp-content\/uploads\/2026\/05\/2-scaled.jpg\" data-elementor-open-lightbox=\"yes\" data-elementor-lightbox-slideshow=\"42c0b1a\" data-elementor-lightbox-title=\"2\" data-e-action-hash=\"#elementor-action%3Aaction%3Dlightbox%26settings%3DeyJpZCI6ODk3LCJ1cmwiOiJodHRwczpcL1wvYmlsdGVuLnNway5yc1wvc3BrYmlsdGVuMDEyMDI2XC93cC1jb250ZW50XC91cGxvYWRzXC8yMDI2XC8wNVwvMi1zY2FsZWQuanBnIiwic2xpZGVzaG93IjoiNDJjMGIxYSJ9\">\n\t\t\t\t\t<div class=\"e-gallery-image elementor-gallery-item__image\" data-thumbnail=\"https:\/\/bilten.spk.rs\/spkbilten012026\/wp-content\/uploads\/2026\/05\/2-768x511.jpg\" data-width=\"768\" data-height=\"511\" aria-label=\"\" role=\"img\" ><\/div>\n\t\t\t\t\t\t\t\t\t\t\t<div class=\"elementor-gallery-item__overlay\"><\/div>\n\t\t\t\t\t\t\t\t\t\t\t\t\t\t<\/a>\n\t\t\t\t\t\t\t<a class=\"e-gallery-item elementor-gallery-item elementor-animated-content\" href=\"https:\/\/bilten.spk.rs\/spkbilten012026\/wp-content\/uploads\/2026\/05\/11-1-scaled.webp\" data-elementor-open-lightbox=\"yes\" data-elementor-lightbox-slideshow=\"42c0b1a\" data-elementor-lightbox-title=\"11-1\" data-e-action-hash=\"#elementor-action%3Aaction%3Dlightbox%26settings%3DeyJpZCI6OTIzLCJ1cmwiOiJodHRwczpcL1wvYmlsdGVuLnNway5yc1wvc3BrYmlsdGVuMDEyMDI2XC93cC1jb250ZW50XC91cGxvYWRzXC8yMDI2XC8wNVwvMTEtMS1zY2FsZWQud2VicCIsInNsaWRlc2hvdyI6IjQyYzBiMWEifQ%3D%3D\">\n\t\t\t\t\t<div class=\"e-gallery-image elementor-gallery-item__image\" data-thumbnail=\"https:\/\/bilten.spk.rs\/spkbilten012026\/wp-content\/uploads\/2026\/05\/11-1-768x511.jpg\" data-width=\"768\" data-height=\"511\" aria-label=\"\" role=\"img\" ><\/div>\n\t\t\t\t\t\t\t\t\t\t\t<div class=\"elementor-gallery-item__overlay\"><\/div>\n\t\t\t\t\t\t\t\t\t\t\t\t\t\t<\/a>\n\t\t\t\t\t\t\t<a class=\"e-gallery-item elementor-gallery-item elementor-animated-content\" href=\"https:\/\/bilten.spk.rs\/spkbilten012026\/wp-content\/uploads\/2026\/05\/11-scaled.webp\" data-elementor-open-lightbox=\"yes\" data-elementor-lightbox-slideshow=\"42c0b1a\" data-elementor-lightbox-title=\"11\" data-e-action-hash=\"#elementor-action%3Aaction%3Dlightbox%26settings%3DeyJpZCI6OTI0LCJ1cmwiOiJodHRwczpcL1wvYmlsdGVuLnNway5yc1wvc3BrYmlsdGVuMDEyMDI2XC93cC1jb250ZW50XC91cGxvYWRzXC8yMDI2XC8wNVwvMTEtc2NhbGVkLndlYnAiLCJzbGlkZXNob3ciOiI0MmMwYjFhIn0%3D\">\n\t\t\t\t\t<div class=\"e-gallery-image elementor-gallery-item__image\" data-thumbnail=\"https:\/\/bilten.spk.rs\/spkbilten012026\/wp-content\/uploads\/2026\/05\/11-768x511.jpeg\" data-width=\"768\" data-height=\"511\" aria-label=\"\" role=\"img\" ><\/div>\n\t\t\t\t\t\t\t\t\t\t\t<div class=\"elementor-gallery-item__overlay\"><\/div>\n\t\t\t\t\t\t\t\t\t\t\t\t\t\t<\/a>\n\t\t\t\t\t\t\t<a class=\"e-gallery-item elementor-gallery-item elementor-animated-content\" href=\"https:\/\/bilten.spk.rs\/spkbilten012026\/wp-content\/uploads\/2026\/05\/12-scaled.webp\" data-elementor-open-lightbox=\"yes\" data-elementor-lightbox-slideshow=\"42c0b1a\" data-elementor-lightbox-title=\"12\" data-e-action-hash=\"#elementor-action%3Aaction%3Dlightbox%26settings%3DeyJpZCI6OTI1LCJ1cmwiOiJodHRwczpcL1wvYmlsdGVuLnNway5yc1wvc3BrYmlsdGVuMDEyMDI2XC93cC1jb250ZW50XC91cGxvYWRzXC8yMDI2XC8wNVwvMTItc2NhbGVkLndlYnAiLCJzbGlkZXNob3ciOiI0MmMwYjFhIn0%3D\">\n\t\t\t\t\t<div class=\"e-gallery-image elementor-gallery-item__image\" data-thumbnail=\"https:\/\/bilten.spk.rs\/spkbilten012026\/wp-content\/uploads\/2026\/05\/12-768x511.jpeg\" data-width=\"768\" data-height=\"511\" aria-label=\"\" role=\"img\" ><\/div>\n\t\t\t\t\t\t\t\t\t\t\t<div class=\"elementor-gallery-item__overlay\"><\/div>\n\t\t\t\t\t\t\t\t\t\t\t\t\t\t<\/a>\n\t\t\t\t\t\t\t<a class=\"e-gallery-item elementor-gallery-item elementor-animated-content\" href=\"https:\/\/bilten.spk.rs\/spkbilten012026\/wp-content\/uploads\/2026\/05\/14-scaled.webp\" data-elementor-open-lightbox=\"yes\" data-elementor-lightbox-slideshow=\"42c0b1a\" data-elementor-lightbox-title=\"14\" data-e-action-hash=\"#elementor-action%3Aaction%3Dlightbox%26settings%3DeyJpZCI6OTI2LCJ1cmwiOiJodHRwczpcL1wvYmlsdGVuLnNway5yc1wvc3BrYmlsdGVuMDEyMDI2XC93cC1jb250ZW50XC91cGxvYWRzXC8yMDI2XC8wNVwvMTQtc2NhbGVkLndlYnAiLCJzbGlkZXNob3ciOiI0MmMwYjFhIn0%3D\">\n\t\t\t\t\t<div class=\"e-gallery-image elementor-gallery-item__image\" data-thumbnail=\"https:\/\/bilten.spk.rs\/spkbilten012026\/wp-content\/uploads\/2026\/05\/14-768x511.webp\" data-width=\"768\" data-height=\"511\" aria-label=\"\" role=\"img\" ><\/div>\n\t\t\t\t\t\t\t\t\t\t\t<div class=\"elementor-gallery-item__overlay\"><\/div>\n\t\t\t\t\t\t\t\t\t\t\t\t\t\t<\/a>\n\t\t\t\t\t<\/div>\n\t\t\t\t\t<\/div>\n\t\t\t\t<div class=\"elementor-element elementor-element-de17c73 elementor-widget elementor-widget-video\" data-id=\"de17c73\" data-element_type=\"widget\" data-e-type=\"widget\" data-settings=\"{&quot;youtube_url&quot;:&quot;https:\\\/\\\/www.youtube.com\\\/watch?v=LlDHAtOiAbM&quot;,&quot;video_type&quot;:&quot;youtube&quot;,&quot;controls&quot;:&quot;yes&quot;}\" data-widget_type=\"video.default\">\n\t\t\t\t\t\t\t<div class=\"elementor-wrapper elementor-open-inline\">\n\t\t\t<div class=\"elementor-video\"><\/div>\t\t<\/div>\n\t\t\t\t\t\t<\/div>\n\t\t\t\t\t<\/div>\n\t\t<\/div>\n\t\t\t\t\t<\/div>\n\t\t<\/section>\n\t\t\t\t<\/div>\n\t\t","protected":false},"excerpt":{"rendered":"<p>Dana 31. marta, u IN Hotelu odr\u017eana je redovna, ujedno i izborna sednica Skup\u0161tine Slovena\u010dkog poslovnog kluba. Na po\u010detku se [&hellip;]<\/p>\n","protected":false},"author":1,"featured_media":126,"parent":19,"menu_order":0,"comment_status":"closed","ping_status":"closed","template":"","meta":{"_angie_page":false,"site-sidebar-layout":"no-sidebar","site-content-layout":"","ast-site-content-layout":"full-width-container","site-content-style":"default","site-sidebar-style":"default","ast-global-header-display":"","ast-banner-title-visibility":"","ast-main-header-display":"","ast-hfb-above-header-display":"","ast-hfb-below-header-display":"","ast-hfb-mobile-header-display":"","site-post-title":"disabled","ast-breadcrumbs-content":"","ast-featured-img":"disabled","footer-sml-layout":"","ast-disable-related-posts":"","theme-transparent-header-meta":"default","adv-header-id-meta":"","stick-header-meta":"","header-above-stick-meta":"","header-main-stick-meta":"","header-below-stick-meta":"","astra-migrate-meta-layouts":"set","ast-page-background-enabled":"default","ast-page-background-meta":{"desktop":{"background-color":"var(--ast-global-color-5)","background-image":"","background-repeat":"repeat","background-position":"center center","background-size":"auto","background-attachment":"scroll","background-type":"","background-media":"","overlay-type":"","overlay-color":"","overlay-opacity":"","overlay-gradient":""},"tablet":{"background-color":"","background-image":"","background-repeat":"repeat","background-position":"center center","background-size":"auto","background-attachment":"scroll","background-type":"","background-media":"","overlay-type":"","overlay-color":"","overlay-opacity":"","overlay-gradient":""},"mobile":{"background-color":"","background-image":"","background-repeat":"repeat","background-position":"center center","background-size":"auto","background-attachment":"scroll","background-type":"","background-media":"","overlay-type":"","overlay-color":"","overlay-opacity":"","overlay-gradient":""}},"ast-content-background-meta":{"desktop":{"background-color":"var(--ast-global-color-4)","background-image":"","background-repeat":"repeat","background-position":"center center","background-size":"auto","background-attachment":"scroll","background-type":"","background-media":"","overlay-type":"","overlay-color":"","overlay-opacity":"","overlay-gradient":""},"tablet":{"background-color":"var(--ast-global-color-4)","background-image":"","background-repeat":"repeat","background-position":"center center","background-size":"auto","background-attachment":"scroll","background-type":"","background-media":"","overlay-type":"","overlay-color":"","overlay-opacity":"","overlay-gradient":""},"mobile":{"background-color":"var(--ast-global-color-4)","background-image":"","background-repeat":"repeat","background-position":"center center","background-size":"auto","background-attachment":"scroll","background-type":"","background-media":"","overlay-type":"","overlay-color":"","overlay-opacity":"","overlay-gradient":""}},"footnotes":""},"class_list":["post-125","page","type-page","status-publish","has-post-thumbnail","hentry"],"_links":{"self":[{"href":"https:\/\/bilten.spk.rs\/spkbilten012026\/wp-json\/wp\/v2\/pages\/125","targetHints":{"allow":["GET"]}}],"collection":[{"href":"https:\/\/bilten.spk.rs\/spkbilten012026\/wp-json\/wp\/v2\/pages"}],"about":[{"href":"https:\/\/bilten.spk.rs\/spkbilten012026\/wp-json\/wp\/v2\/types\/page"}],"author":[{"embeddable":true,"href":"https:\/\/bilten.spk.rs\/spkbilten012026\/wp-json\/wp\/v2\/users\/1"}],"replies":[{"embeddable":true,"href":"https:\/\/bilten.spk.rs\/spkbilten012026\/wp-json\/wp\/v2\/comments?post=125"}],"version-history":[{"count":34,"href":"https:\/\/bilten.spk.rs\/spkbilten012026\/wp-json\/wp\/v2\/pages\/125\/revisions"}],"predecessor-version":[{"id":982,"href":"https:\/\/bilten.spk.rs\/spkbilten012026\/wp-json\/wp\/v2\/pages\/125\/revisions\/982"}],"up":[{"embeddable":true,"href":"https:\/\/bilten.spk.rs\/spkbilten012026\/wp-json\/wp\/v2\/pages\/19"}],"wp:featuredmedia":[{"embeddable":true,"href":"https:\/\/bilten.spk.rs\/spkbilten012026\/wp-json\/wp\/v2\/media\/126"}],"wp:attachment":[{"href":"https:\/\/bilten.spk.rs\/spkbilten012026\/wp-json\/wp\/v2\/media?parent=125"}],"curies":[{"name":"wp","href":"https:\/\/api.w.org\/{rel}","templated":true}]}}