{"id":98,"date":"2024-05-05T20:48:42","date_gmt":"2024-05-05T20:48:42","guid":{"rendered":"https:\/\/bilten.spk.rs\/spkbilten022024\/?page_id=98"},"modified":"2024-09-16T10:05:27","modified_gmt":"2024-09-16T10:05:27","slug":"uvodna-rec","status":"publish","type":"page","link":"https:\/\/bilten.spk.rs\/spkbilten022024\/uvodna-rec\/","title":{"rendered":"Uvodna re\u010d"},"content":{"rendered":"\t\t<div data-elementor-type=\"wp-page\" data-elementor-id=\"98\" class=\"elementor elementor-98\" data-elementor-post-type=\"page\">\n\t\t\t\t\t\t<section class=\"elementor-section elementor-top-section elementor-element elementor-element-8fb8ecc elementor-section-boxed elementor-section-height-default elementor-section-height-default\" data-id=\"8fb8ecc\" data-element_type=\"section\" data-settings=\"{&quot;background_background&quot;:&quot;classic&quot;}\">\n\t\t\t\t\t\t<div class=\"elementor-container elementor-column-gap-default\">\n\t\t\t\t\t<div class=\"elementor-column elementor-col-100 elementor-top-column elementor-element elementor-element-18acc3c\" data-id=\"18acc3c\" data-element_type=\"column\">\n\t\t\t<div class=\"elementor-widget-wrap elementor-element-populated\">\n\t\t\t\t\t\t<div class=\"elementor-element elementor-element-bd0bda5 elementor-widget elementor-widget-heading\" data-id=\"bd0bda5\" data-element_type=\"widget\" data-widget_type=\"heading.default\">\n\t\t\t\t<div class=\"elementor-widget-container\">\n\t\t\t<h2 class=\"elementor-heading-title elementor-size-default\">Uvodna re\u010d<\/h2>\t\t<\/div>\n\t\t\t\t<\/div>\n\t\t\t\t\t<\/div>\n\t\t<\/div>\n\t\t\t\t\t<\/div>\n\t\t<\/section>\n\t\t\t\t<section class=\"elementor-section elementor-top-section elementor-element elementor-element-1ca6726 elementor-section-boxed elementor-section-height-default elementor-section-height-default\" data-id=\"1ca6726\" data-element_type=\"section\">\n\t\t\t\t\t\t<div class=\"elementor-container elementor-column-gap-default\">\n\t\t\t\t\t<div class=\"elementor-column elementor-col-50 elementor-top-column elementor-element elementor-element-edaae4c\" data-id=\"edaae4c\" data-element_type=\"column\">\n\t\t\t<div class=\"elementor-widget-wrap elementor-element-populated\">\n\t\t\t\t\t\t<div class=\"elementor-element elementor-element-0f471bf elementor-widget elementor-widget-image\" data-id=\"0f471bf\" data-element_type=\"widget\" data-widget_type=\"image.default\">\n\t\t\t\t<div class=\"elementor-widget-container\">\n\t\t\t\t\t\t\t\t\t\t\t\t\t<img fetchpriority=\"high\" decoding=\"async\" width=\"683\" height=\"1024\" src=\"https:\/\/bilten.spk.rs\/spkbilten022024\/wp-content\/uploads\/2024\/05\/DF_2-683x1024.jpg\" class=\"attachment-large size-large wp-image-100\" alt=\"\" srcset=\"https:\/\/bilten.spk.rs\/spkbilten022024\/wp-content\/uploads\/2024\/05\/DF_2-683x1024.jpg 683w, https:\/\/bilten.spk.rs\/spkbilten022024\/wp-content\/uploads\/2024\/05\/DF_2-200x300.jpg 200w, https:\/\/bilten.spk.rs\/spkbilten022024\/wp-content\/uploads\/2024\/05\/DF_2-768x1152.jpg 768w, https:\/\/bilten.spk.rs\/spkbilten022024\/wp-content\/uploads\/2024\/05\/DF_2-1024x1536.jpg 1024w, https:\/\/bilten.spk.rs\/spkbilten022024\/wp-content\/uploads\/2024\/05\/DF_2.jpg 1080w\" sizes=\"(max-width: 683px) 100vw, 683px\" \/>\t\t\t\t\t\t\t\t\t\t\t\t\t<\/div>\n\t\t\t\t<\/div>\n\t\t\t\t<div class=\"elementor-element elementor-element-b486eca elementor-widget elementor-widget-heading\" data-id=\"b486eca\" data-element_type=\"widget\" data-widget_type=\"heading.default\">\n\t\t\t\t<div class=\"elementor-widget-container\">\n\t\t\t<h2 class=\"elementor-heading-title elementor-size-default\">Mag. Danijela Fi\u0161akov, predsednica SPK<\/h2>\t\t<\/div>\n\t\t\t\t<\/div>\n\t\t\t\t\t<\/div>\n\t\t<\/div>\n\t\t\t\t<div class=\"elementor-column elementor-col-50 elementor-top-column elementor-element elementor-element-0cff076\" data-id=\"0cff076\" data-element_type=\"column\">\n\t\t\t<div class=\"elementor-widget-wrap elementor-element-populated\">\n\t\t\t\t\t\t<div class=\"elementor-element elementor-element-15dfe75 elementor-widget elementor-widget-text-editor\" data-id=\"15dfe75\" data-element_type=\"widget\" data-widget_type=\"text-editor.default\">\n\t\t\t\t<div class=\"elementor-widget-container\">\n\t\t\t\t\t\t\t<p>Dragi \u010dlanovi,<\/p><p>Od dece sam \u010dula da prole\u0107e prole\u0107e, a da leto leti. Upravo tako je i sa nama. Prolete\u0161e nam i odlete\u0161e i prole\u0107e i leto.<\/p><p>Svakako, ostaju rezultati. U proteklom periodu smo organizovali, odnosno podr\u017eali, \u010dak 10 doga\u0111aja. Mesec maj je bio obele\u017een sa 5 doga\u0111aja. Zapo\u010deli smo ga sve\u010danim potpisivanjem memoranduma o osnivanju Saveta me\u0161ovitih evropskih poslovnih udru\u017eenja i komora u Srbiji i networking koktelom. Nastavili smo u duhu radnog dru\u017eenja za okruglim stolovima, radno doru\u010dkuju\u0107i i odr\u017eavaju\u0107i konferencije, koje su inicirale na\u0161e \u010dlanice, sa temama u okviru kojih su kompanije nalazile odgovore na aktuelna pitanja. Maj smo zaklju\u010dili prelepim koktelom na terasi sa sigurno jednim od najlep\u0161ih pogleda na na\u0161 Beograd. I u junu smo bili aktivni. Ovaj mesec je bio posve\u0107en temama regionalne saradnje i ispunjen odli\u010dno organizovanim doga\u0111ajima. Sa \u010dlanovima su odr\u017eani brojni sastanci \u201ejedan na jedan\u201c.\u00a0<\/p><p>Nadam se da ste vreme godi\u0161njih odmora iskoristili na najbolji mogu\u0107i na\u010din, da ste u\u017eivali u osvajanju olimpijskih odli\u010dja na\u0161ih samo broj\u010dano malih naroda, da ste u potpunosti \u201enapunili baterije\u201c i da ste spremni za osvajanje novih poslovnih odli\u010dja. Za naredni period vam spremamo mnogo zanimljivih i korisnih doga\u0111aja.<\/p><p>Ovde smo za zbog vas i za vas.\u00a0<\/p>\t\t\t\t\t\t<\/div>\n\t\t\t\t<\/div>\n\t\t\t\t\t<\/div>\n\t\t<\/div>\n\t\t\t\t\t<\/div>\n\t\t<\/section>\n\t\t\t\t<\/div>\n\t\t","protected":false},"excerpt":{"rendered":"<p>Uvodna re\u010d Mag. Danijela Fi\u0161akov, predsednica SPK Dragi \u010dlanovi, Od dece sam \u010dula da prole\u0107e prole\u0107e, a da leto leti. [&hellip;]<\/p>\n","protected":false},"author":1,"featured_media":431,"parent":0,"menu_order":0,"comment_status":"closed","ping_status":"closed","template":"","meta":{"site-sidebar-layout":"no-sidebar","site-content-layout":"","ast-site-content-layout":"full-width-container","site-content-style":"default","site-sidebar-style":"default","ast-global-header-display":"","ast-banner-title-visibility":"","ast-main-header-display":"","ast-hfb-above-header-display":"","ast-hfb-below-header-display":"","ast-hfb-mobile-header-display":"","site-post-title":"disabled","ast-breadcrumbs-content":"","ast-featured-img":"disabled","footer-sml-layout":"","theme-transparent-header-meta":"default","adv-header-id-meta":"","stick-header-meta":"","header-above-stick-meta":"","header-main-stick-meta":"","header-below-stick-meta":"","astra-migrate-meta-layouts":"set","ast-page-background-enabled":"default","ast-page-background-meta":{"desktop":{"background-color":"var(--ast-global-color-4)","background-image":"","background-repeat":"repeat","background-position":"center center","background-size":"auto","background-attachment":"scroll","background-type":"","background-media":"","overlay-type":"","overlay-color":"","overlay-opacity":"","overlay-gradient":""},"tablet":{"background-color":"","background-image":"","background-repeat":"repeat","background-position":"center center","background-size":"auto","background-attachment":"scroll","background-type":"","background-media":"","overlay-type":"","overlay-color":"","overlay-opacity":"","overlay-gradient":""},"mobile":{"background-color":"","background-image":"","background-repeat":"repeat","background-position":"center center","background-size":"auto","background-attachment":"scroll","background-type":"","background-media":"","overlay-type":"","overlay-color":"","overlay-opacity":"","overlay-gradient":""}},"ast-content-background-meta":{"desktop":{"background-color":"var(--ast-global-color-5)","background-image":"","background-repeat":"repeat","background-position":"center center","background-size":"auto","background-attachment":"scroll","background-type":"","background-media":"","overlay-type":"","overlay-color":"","overlay-opacity":"","overlay-gradient":""},"tablet":{"background-color":"var(--ast-global-color-5)","background-image":"","background-repeat":"repeat","background-position":"center center","background-size":"auto","background-attachment":"scroll","background-type":"","background-media":"","overlay-type":"","overlay-color":"","overlay-opacity":"","overlay-gradient":""},"mobile":{"background-color":"var(--ast-global-color-5)","background-image":"","background-repeat":"repeat","background-position":"center center","background-size":"auto","background-attachment":"scroll","background-type":"","background-media":"","overlay-type":"","overlay-color":"","overlay-opacity":"","overlay-gradient":""}},"footnotes":""},"class_list":["post-98","page","type-page","status-publish","has-post-thumbnail","hentry"],"yoast_head":"<!-- This site is optimized with the Yoast SEO plugin v23.4 - https:\/\/yoast.com\/wordpress\/plugins\/seo\/ -->\n<title>Uvodna re\u010d - Slovena\u010dki poslovni klub<\/title>\n<meta name=\"robots\" content=\"index, follow, max-snippet:-1, max-image-preview:large, max-video-preview:-1\" \/>\n<link rel=\"canonical\" href=\"https:\/\/bilten.spk.rs\/spkbilten022024\/uvodna-rec\/\" \/>\n<meta property=\"og:locale\" content=\"en_US\" \/>\n<meta property=\"og:type\" content=\"article\" \/>\n<meta property=\"og:title\" content=\"Uvodna re\u010d - Slovena\u010dki poslovni klub\" \/>\n<meta property=\"og:description\" content=\"Uvodna re\u010d Mag. Danijela Fi\u0161akov, predsednica SPK Dragi \u010dlanovi, Od dece sam \u010dula da prole\u0107e prole\u0107e, a da leto leti. [&hellip;]\" \/>\n<meta property=\"og:url\" content=\"https:\/\/bilten.spk.rs\/spkbilten022024\/uvodna-rec\/\" \/>\n<meta property=\"og:site_name\" content=\"Slovena\u010dki poslovni klub\" \/>\n<meta property=\"article:modified_time\" content=\"2024-09-16T10:05:27+00:00\" \/>\n<meta property=\"og:image\" content=\"https:\/\/bilten.spk.rs\/spkbilten022024\/wp-content\/uploads\/2024\/05\/kolaz2.png\" \/>\n\t<meta property=\"og:image:width\" content=\"1080\" \/>\n\t<meta property=\"og:image:height\" content=\"1080\" \/>\n\t<meta property=\"og:image:type\" content=\"image\/png\" \/>\n<meta name=\"twitter:card\" content=\"summary_large_image\" \/>\n<meta name=\"twitter:label1\" content=\"Est. reading time\" \/>\n\t<meta name=\"twitter:data1\" content=\"1 minute\" \/>\n<script type=\"application\/ld+json\" class=\"yoast-schema-graph\">{\"@context\":\"https:\/\/schema.org\",\"@graph\":[{\"@type\":\"WebPage\",\"@id\":\"https:\/\/bilten.spk.rs\/spkbilten022024\/uvodna-rec\/\",\"url\":\"https:\/\/bilten.spk.rs\/spkbilten022024\/uvodna-rec\/\",\"name\":\"Uvodna re\u010d - Slovena\u010dki poslovni klub\",\"isPartOf\":{\"@id\":\"https:\/\/bilten.spk.rs\/spkbilten022024\/#website\"},\"primaryImageOfPage\":{\"@id\":\"https:\/\/bilten.spk.rs\/spkbilten022024\/uvodna-rec\/#primaryimage\"},\"image\":{\"@id\":\"https:\/\/bilten.spk.rs\/spkbilten022024\/uvodna-rec\/#primaryimage\"},\"thumbnailUrl\":\"https:\/\/bilten.spk.rs\/spkbilten022024\/wp-content\/uploads\/2024\/05\/kolaz2.png\",\"datePublished\":\"2024-05-05T20:48:42+00:00\",\"dateModified\":\"2024-09-16T10:05:27+00:00\",\"breadcrumb\":{\"@id\":\"https:\/\/bilten.spk.rs\/spkbilten022024\/uvodna-rec\/#breadcrumb\"},\"inLanguage\":\"en-US\",\"potentialAction\":[{\"@type\":\"ReadAction\",\"target\":[\"https:\/\/bilten.spk.rs\/spkbilten022024\/uvodna-rec\/\"]}]},{\"@type\":\"ImageObject\",\"inLanguage\":\"en-US\",\"@id\":\"https:\/\/bilten.spk.rs\/spkbilten022024\/uvodna-rec\/#primaryimage\",\"url\":\"https:\/\/bilten.spk.rs\/spkbilten022024\/wp-content\/uploads\/2024\/05\/kolaz2.png\",\"contentUrl\":\"https:\/\/bilten.spk.rs\/spkbilten022024\/wp-content\/uploads\/2024\/05\/kolaz2.png\",\"width\":1080,\"height\":1080},{\"@type\":\"BreadcrumbList\",\"@id\":\"https:\/\/bilten.spk.rs\/spkbilten022024\/uvodna-rec\/#breadcrumb\",\"itemListElement\":[{\"@type\":\"ListItem\",\"position\":1,\"name\":\"Home\",\"item\":\"https:\/\/bilten.spk.rs\/spkbilten022024\/\"},{\"@type\":\"ListItem\",\"position\":2,\"name\":\"Uvodna re\u010d\"}]},{\"@type\":\"WebSite\",\"@id\":\"https:\/\/bilten.spk.rs\/spkbilten022024\/#website\",\"url\":\"https:\/\/bilten.spk.rs\/spkbilten022024\/\",\"name\":\"Slovena\u010dki poslovni klub\",\"description\":\"Bilten 2024\",\"publisher\":{\"@id\":\"https:\/\/bilten.spk.rs\/spkbilten022024\/#organization\"},\"potentialAction\":[{\"@type\":\"SearchAction\",\"target\":{\"@type\":\"EntryPoint\",\"urlTemplate\":\"https:\/\/bilten.spk.rs\/spkbilten022024\/?s={search_term_string}\"},\"query-input\":{\"@type\":\"PropertyValueSpecification\",\"valueRequired\":true,\"valueName\":\"search_term_string\"}}],\"inLanguage\":\"en-US\"},{\"@type\":\"Organization\",\"@id\":\"https:\/\/bilten.spk.rs\/spkbilten022024\/#organization\",\"name\":\"Slovena\u010dki poslovni klub\",\"url\":\"https:\/\/bilten.spk.rs\/spkbilten022024\/\",\"logo\":{\"@type\":\"ImageObject\",\"inLanguage\":\"en-US\",\"@id\":\"https:\/\/bilten.spk.rs\/spkbilten022024\/#\/schema\/logo\/image\/\",\"url\":\"https:\/\/bilten.spk.rs\/spkbilten022024\/wp-content\/uploads\/2024\/05\/logo-1.png\",\"contentUrl\":\"https:\/\/bilten.spk.rs\/spkbilten022024\/wp-content\/uploads\/2024\/05\/logo-1.png\",\"width\":156,\"height\":40,\"caption\":\"Slovena\u010dki poslovni klub\"},\"image\":{\"@id\":\"https:\/\/bilten.spk.rs\/spkbilten022024\/#\/schema\/logo\/image\/\"}}]}<\/script>\n<!-- \/ Yoast SEO plugin. -->","yoast_head_json":{"title":"Uvodna re\u010d - Slovena\u010dki poslovni klub","robots":{"index":"index","follow":"follow","max-snippet":"max-snippet:-1","max-image-preview":"max-image-preview:large","max-video-preview":"max-video-preview:-1"},"canonical":"https:\/\/bilten.spk.rs\/spkbilten022024\/uvodna-rec\/","og_locale":"en_US","og_type":"article","og_title":"Uvodna re\u010d - Slovena\u010dki poslovni klub","og_description":"Uvodna re\u010d Mag. Danijela Fi\u0161akov, predsednica SPK Dragi \u010dlanovi, Od dece sam \u010dula da prole\u0107e prole\u0107e, a da leto leti. [&hellip;]","og_url":"https:\/\/bilten.spk.rs\/spkbilten022024\/uvodna-rec\/","og_site_name":"Slovena\u010dki poslovni klub","article_modified_time":"2024-09-16T10:05:27+00:00","og_image":[{"width":1080,"height":1080,"url":"https:\/\/bilten.spk.rs\/spkbilten022024\/wp-content\/uploads\/2024\/05\/kolaz2.png","type":"image\/png"}],"twitter_card":"summary_large_image","twitter_misc":{"Est. reading time":"1 minute"},"schema":{"@context":"https:\/\/schema.org","@graph":[{"@type":"WebPage","@id":"https:\/\/bilten.spk.rs\/spkbilten022024\/uvodna-rec\/","url":"https:\/\/bilten.spk.rs\/spkbilten022024\/uvodna-rec\/","name":"Uvodna re\u010d - Slovena\u010dki poslovni klub","isPartOf":{"@id":"https:\/\/bilten.spk.rs\/spkbilten022024\/#website"},"primaryImageOfPage":{"@id":"https:\/\/bilten.spk.rs\/spkbilten022024\/uvodna-rec\/#primaryimage"},"image":{"@id":"https:\/\/bilten.spk.rs\/spkbilten022024\/uvodna-rec\/#primaryimage"},"thumbnailUrl":"https:\/\/bilten.spk.rs\/spkbilten022024\/wp-content\/uploads\/2024\/05\/kolaz2.png","datePublished":"2024-05-05T20:48:42+00:00","dateModified":"2024-09-16T10:05:27+00:00","breadcrumb":{"@id":"https:\/\/bilten.spk.rs\/spkbilten022024\/uvodna-rec\/#breadcrumb"},"inLanguage":"en-US","potentialAction":[{"@type":"ReadAction","target":["https:\/\/bilten.spk.rs\/spkbilten022024\/uvodna-rec\/"]}]},{"@type":"ImageObject","inLanguage":"en-US","@id":"https:\/\/bilten.spk.rs\/spkbilten022024\/uvodna-rec\/#primaryimage","url":"https:\/\/bilten.spk.rs\/spkbilten022024\/wp-content\/uploads\/2024\/05\/kolaz2.png","contentUrl":"https:\/\/bilten.spk.rs\/spkbilten022024\/wp-content\/uploads\/2024\/05\/kolaz2.png","width":1080,"height":1080},{"@type":"BreadcrumbList","@id":"https:\/\/bilten.spk.rs\/spkbilten022024\/uvodna-rec\/#breadcrumb","itemListElement":[{"@type":"ListItem","position":1,"name":"Home","item":"https:\/\/bilten.spk.rs\/spkbilten022024\/"},{"@type":"ListItem","position":2,"name":"Uvodna re\u010d"}]},{"@type":"WebSite","@id":"https:\/\/bilten.spk.rs\/spkbilten022024\/#website","url":"https:\/\/bilten.spk.rs\/spkbilten022024\/","name":"Slovena\u010dki poslovni klub","description":"Bilten 2024","publisher":{"@id":"https:\/\/bilten.spk.rs\/spkbilten022024\/#organization"},"potentialAction":[{"@type":"SearchAction","target":{"@type":"EntryPoint","urlTemplate":"https:\/\/bilten.spk.rs\/spkbilten022024\/?s={search_term_string}"},"query-input":{"@type":"PropertyValueSpecification","valueRequired":true,"valueName":"search_term_string"}}],"inLanguage":"en-US"},{"@type":"Organization","@id":"https:\/\/bilten.spk.rs\/spkbilten022024\/#organization","name":"Slovena\u010dki poslovni klub","url":"https:\/\/bilten.spk.rs\/spkbilten022024\/","logo":{"@type":"ImageObject","inLanguage":"en-US","@id":"https:\/\/bilten.spk.rs\/spkbilten022024\/#\/schema\/logo\/image\/","url":"https:\/\/bilten.spk.rs\/spkbilten022024\/wp-content\/uploads\/2024\/05\/logo-1.png","contentUrl":"https:\/\/bilten.spk.rs\/spkbilten022024\/wp-content\/uploads\/2024\/05\/logo-1.png","width":156,"height":40,"caption":"Slovena\u010dki poslovni klub"},"image":{"@id":"https:\/\/bilten.spk.rs\/spkbilten022024\/#\/schema\/logo\/image\/"}}]}},"_links":{"self":[{"href":"https:\/\/bilten.spk.rs\/spkbilten022024\/wp-json\/wp\/v2\/pages\/98","targetHints":{"allow":["GET"]}}],"collection":[{"href":"https:\/\/bilten.spk.rs\/spkbilten022024\/wp-json\/wp\/v2\/pages"}],"about":[{"href":"https:\/\/bilten.spk.rs\/spkbilten022024\/wp-json\/wp\/v2\/types\/page"}],"author":[{"embeddable":true,"href":"https:\/\/bilten.spk.rs\/spkbilten022024\/wp-json\/wp\/v2\/users\/1"}],"replies":[{"embeddable":true,"href":"https:\/\/bilten.spk.rs\/spkbilten022024\/wp-json\/wp\/v2\/comments?post=98"}],"version-history":[{"count":15,"href":"https:\/\/bilten.spk.rs\/spkbilten022024\/wp-json\/wp\/v2\/pages\/98\/revisions"}],"predecessor-version":[{"id":1357,"href":"https:\/\/bilten.spk.rs\/spkbilten022024\/wp-json\/wp\/v2\/pages\/98\/revisions\/1357"}],"wp:featuredmedia":[{"embeddable":true,"href":"https:\/\/bilten.spk.rs\/spkbilten022024\/wp-json\/wp\/v2\/media\/431"}],"wp:attachment":[{"href":"https:\/\/bilten.spk.rs\/spkbilten022024\/wp-json\/wp\/v2\/media?parent=98"}],"curies":[{"name":"wp","href":"https:\/\/api.w.org\/{rel}","templated":true}]}}